488 (base 10) to base 14
-70d036
Convert -2310002 (base 6) to base 15.
-24e28
Convert -213335301 (base 6) to base 14.
-711833
Convert 14d2e (base 16) to base 11.
590a0
What is 94b3b1 (base 13) in base 2?
1101010001110001111011
-25aa (base 11) to base 3
-11122110
Convert 3142043 (base 5) to base 9.
80346
What is -98839 (base 11) in base 6?
-3024003
Convert 627440 (base 9) to base 12.
15b953
-21023303 (base 5) to base 14
-47386
112572 (base 9) to base 15
15028
Convert -4228495 (base 10) to base 4.
-100020112033
-346250 (base 11) to base 8
-2062160
-6e6da (base 15) to base 4
-1112010223
440844 (base 16) to base 9
8345000
What is -f1317 (base 16) in base 2?
-11110001001100010111
Convert 24abd (base 14) to base 16.
15f4f
What is 75d11 (base 14) in base 16?
45a0b
What is 6030355 (base 7) in base 12?
2a4944
Convert -10326a (base 12) to base 5.
-31120021
Convert 2320022020 (base 4) to base 6.
24100104
-1303310032 (base 5) to base 15
-42cbb2
413302201 (base 5) to base 6
100213144
Convert d1954 (base 16) to base 7.
10203530
What is 23ab0d (base 16) in base 10?
2337549
2187133 (base 10) to base 6
114513341
322040143 (base 5) to base 3
2120012012121
What is -138059 (base 11) in base 16?
-34a86
What is 864888 (base 11) in base 2?
101010001100011110010
What is -14382a9 (base 11) in base 7?
-30000125
What is -10011211110121 (base 3) in base 4?
-12130131121
What is -54d74 (base 15) in base 16?
-41d5b
Convert 2c136a (base 14) to base 4.
11313333202
What is 130958 (base 12) in base 15?
6286e
22922 (base 14) to base 9
137340
What is -715232 (base 8) in base 10?
-236186
Convert -621153 (base 9) to base 5.
-43241044
Convert 1101101220 (base 3) to base 2.
110101010000011
21111011000000 (base 3) to base 4
33023122002
Convert -32113142 (base 6) to base 9.
-1686368
-41a668 (base 11) to base 6
-22231311
What is -33345511 (base 6) in base 16?
-f6793
100221110 (base 5) to base 13
10c38c
3325b4 (base 12) to base 3
1112022020201
-15301224 (base 6) to base 15
-a90ed
523251401 (base 6) to base 12
3079b61
What is 524243031 (base 6) in base 16?
8bdc9b
-10166642 (base 9) to base 7
-56350502
What is 1243c58 (base 13) in base 6?
322001215
What is 14bac5 (base 13) in base 8?
1747103
Convert 1370a8 (base 13) to base 12.
1a9525
What is -101323 (base 9) in base 5?
-3410132
What is 1160727 (base 9) in base 15?
c6bed
What is -55277005 (base 8) in base 6?
-1102534033
Convert -10101000100111011 (base 2) to base 3.
-11101102110
What is -410303 (base 11) in base 4?
-2200330023
What is -1201441431 (base 5) in base 6?
-135134013
-6233 (base 11) to base 14
-3024
What is -10000101001001101 (base 2) in base 7?
-402520
Convert 10001011100000011111 (base 2) to base 6.
20125251
What is 155376 (base 13) in base 8?
2002567
5b176 (base 15) to base 3
112202121110
What is 10100110100110 (base 2) in base 4?
2212212
-691861 (base 13) to base 8
-11374163
Convert 1495983 (base 12) to base 10.
4177971
-68021 (base 10) to base 11
-47118
-21b3 (base 12) to base 7
-13614
311a3b (base 15) to base 9
4347212
Convert 2035056 (base 9) to base 2.
100001001001100110101
12333230122 (base 4) to base 11
10427aa
1b262 (base 15) to base 3
11111010002
-3300414223 (base 5) to base 13
-15c8804
-10132202330 (base 4) to base 12
-487278
What is 257572 (base 8) in base 13?
31c55
What is -100001010100111000011100 (base 2) in base 6?
-511125432
Convert 16a5346 (base 12) to base 7.
54624252
Convert 332418 (base 14) to base 11.
a855a6
Convert 20111111121 (base 3) to base 6.
2424154
What is 14002223 (base 7) in base 3?
2102210022202
-1020011302321 (base 4) to base 8
-110056271
Convert 1652044 (base 7) to base 3.
102202011111
What is -1212431024 (base 5) in base 4?
-22321310120
What is 161622 (base 11) in base 13?
8a310
What is -10011101011000011010 (base 2) in base 4?
-2131120122
What is -8608021 (base 11) in base 8?
-71624631
Convert 320c5 (base 14) to base 7.
1012335
-33322211203 (base 4) to base 13
-b31022
What is -bb2236 (base 12) in base 8?
-13246712
What is -11000210022 (base 3) in base 10?
-79307
Convert -34aa8 (base 14) to base 4.
-133111030
Convert 1010121120212 (base 3) to base 15.
bd822
Convert a637a16 (base 11) to base 7.
315154011
Convert 2037118 (base 9) to base 5.
234302031
2155242 (base 6) to base 10
108746
Convert -3a2b4 (base 15) to base 14.
-4bc32
Convert -301570 (base 9) to base 7.
-1341645
What is 1849656 (base 11) in base 3?
12220002100001
What is -545e1 (base 15) in base 6?
-5424321
What is 31523140 (base 6) in base 16?
e2b84
5405357 (base 9) to base 12
b78851
10e566 (base 16) to base 3
2002020221012
What is 176060 (base 8) in base 12?
31440
6a069 (base 15) to base 16
526bf
-1100110101001001010 (base 2) to base 16
-66a4a
Convert 6357533 (base 8) to base 2.
110011101111101011011
What is -1c0732 (base 16) in base 3?
-10110022200111
Convert -202012112002 (base 3) to base 12.
-172185
10c046 (base 13) to base 6
12305135
What is -67499 (base 13) in base 9?
-315235
Convert -21b730 (base 12) to base 14.
-10032c
What is 1010212331 (base 5) in base 16?
1f1ac2
What is -33122121 (base 4) in base 2?
-1111011010011001
-362454 (base 8) to base 5
-12433304
116475 (base 9) to base 5
4223001
259524a (base 12) to base 5
3344133423
Convert -132012321201 (base 4) to base 16.
-786e61
Convert 72807 (base 12) to base 10.
149767
4fe4c0 (base 16) to base 11
2a568a3
-120200222211 (base 3) to base 11
-1a1252
11a240 (base 13) to base 3
210110011120
Convert -350410 (base 6) to base 4.
-13110012
What is 124bd1 (base 14) in base 10?
627971
33a662b (base 12) to base 8
45665003
What is -430866 (base 10) in base 14?
-b3042
Convert 430144110 (base 6) to base 9.
15221016
34132345 (base 7) to base 2
1011010100001001010101
What is 44177427 (base 8) in base 14?
1395011
What is ac304 (base 14) in base 2?
1100101111110010000
15143 (base 6) to base 11
1918
Convert 5c4509 (base 16) to base 13.
13394c9
Convert -865db (base 16) to base 7.
-4451362
142981 (base 10) to base 2
100010111010000101
1247575 (base 11) to base 15
2ca9db
What is 104511054 (base 6) in base 5?
442003131
-25024 (base 10) to base 2
-110000111000000
Convert -528676 (base 9) to base 13.
-b035b
What is -12321422404 (base 5) in base 15?
-14bd3be
-402d (base 16) to base 3
-211112111
Convert -9b8a64 (base 13) to base 2.
-1110000001010000010100
What is -80e (base 15) in base 9?
-2435
Convert -2b5b203 (base 12) to base 5.
-4230111344
What is -1332423130 (base 5) in base 7?
-40640334
-21205545 (base 6) to base 12
-2608b5
-31220051 (base 6) to base 8
-3346677
Convert -1b799a (base 16) to base 7.
-21206366
1a0887 (base 12) to base 7
3613444
Convert 2130266 (base 9) to base 7.
12463653
What is 10a9325 (base 13) in base 16?
4e51ba
What is 18b22d (base 16) in base 12?
660751
What is -d4052b (base 16) in base 13?
-2b56689
-612703 (base 13) to base 9
-4226661
What is 49c608 (base 13) in base 11?
aa9594
What is -1351c9 (base 13) in base 7?
-3660202
294807 (base 10) to base 14
79619
Convert -53025034 (base 7) to base 5.
-2121232304
Convert 2121211110202 (base 3) to base 6.
45514332
Convert 556550 (base 7) to base 10.
98378
What is -112430 (base 6) in base 14?
-3746
1c4766 (base 15) to base 8
5213236
What is -157684a (base 11) in base 5?
-1142011221
1001000 (base 5) to base 10
15750
2554464 (base 7) to base 16
51498
What is -146080 (base 12) in base 16?
-538e0
What is 323301100 (base 5) in base 9?
2540181
Convert -146367 (base 11) to base 13.
-7ca44
Convert 34545441 (base 6) to base 9.
2013137
214948 (base 10) to base 11
137548
Convert 104686 (base 14) to base 9.
1027525
-1335108 (base 10) to base 4
-11011331010
What is 10241313333 (base 5) in base 4?
221201211130
What is -56a5 (base 12) in base 14?
-371b
What is -241145 (base 11) in base 15?
-7837c
-346d83 (base 15) to base 16
-2634f3
-5fcfc (base 16) to base 14
-a303a
What is -1884657 (base 9) in base 16?
-102bbf
Convert 5672224 (base 9) to base 14.
598b6c
What is -140520150 (base 6) in base 4?
-22311211002
1756 (base 9) to base 5
20342
Convert 192782 (base 11) to base 10.
296419
What is -5626221 (base 7) in base 9?
-1270730
Convert a5d56 (base 16) to base 10.
679254
What is 11000100000011011 (base 2) in base 14?
2881d
What is -12166382 (base 9) in base 4?
-112230120131
-1823dd (base 15) to base 2
-100011110001000101000
674677 (base 8) to base 15
4